{"id":22,"date":"2022-07-11T14:42:54","date_gmt":"2022-07-11T12:42:54","guid":{"rendered":"https:\/\/v9.das-art.com\/?page_id=22"},"modified":"2025-10-30T21:28:29","modified_gmt":"2025-10-30T20:28:29","slug":"about-me","status":"publish","type":"page","link":"https:\/\/das-art.com\/fr\/about-me\/","title":{"rendered":"\u00c0 propos"},"content":{"rendered":"\n<div class=\"wp-block-group has-global-padding is-layout-constrained wp-container-core-group-is-layout-9a4c8acf wp-block-group-is-layout-constrained\" style=\"padding-top:var(--wp--preset--spacing--small);padding-right:var(--wp--preset--spacing--small);padding-bottom:var(--wp--preset--spacing--small);padding-left:var(--wp--preset--spacing--small)\">\n<div style=\"height:100px\" aria-hidden=\"true\" class=\"wp-block-spacer\"><\/div>\n\n\n\n<h2 class=\"wp-block-heading has-text-align-center\" style=\"text-transform:uppercase\">Quelques mots \u00e0 propos de moi, par moi-m\u00eame\u2026<\/h2>\n\n\n\n<div style=\"height:var(--wp--preset--spacing--small)\" aria-hidden=\"true\" class=\"wp-block-spacer\"><\/div>\n\n\n\n<div class=\"wp-block-columns is-layout-flex wp-container-core-columns-is-layout-c375d253 wp-block-columns-is-layout-flex\">\n<div class=\"wp-block-column is-layout-flow wp-block-column-is-layout-flow\" style=\"flex-basis:50%\">\n<figure class=\"wp-block-image size-full\"><noscript><img loading=\"lazy\" decoding=\"async\" width=\"1000\" height=\"1378\" data-skip-lazy src=\"https:\/\/cdn.das-art.com\/In-My-Office-Nosferatu_pinup.jpg\" alt=\"In My Office: Nosferatu\" class=\"wp-image-2906\" srcset=\"https:\/\/cdn.das-art.com\/In-My-Office-Nosferatu_pinup.jpg 1000w, https:\/\/cdn.das-art.com\/In-My-Office-Nosferatu_pinup-218x300.jpg 218w, https:\/\/cdn.das-art.com\/In-My-Office-Nosferatu_pinup-743x1024.jpg 743w, https:\/\/cdn.das-art.com\/In-My-Office-Nosferatu_pinup-500x689.jpg 500w, https:\/\/cdn.das-art.com\/In-My-Office-Nosferatu_pinup-800x1102.jpg 800w\" sizes=\"auto, (max-width: 1000px) 100vw, 1000px\" \/><\/noscript><img loading=\"eager\" decoding=\"async\" width=\"1000\" height=\"1378\" src=\"https:\/\/cdn.das-art.com\/In-My-Office-Nosferatu_pinup.jpg\" alt=\"In My Office: Nosferatu\" class=\"wp-image-2906 vp-lazyload\" srcset=\"data:image\/svg+xml;base64,PHN2ZyB3aWR0aD0iMTAwMCIgaGVpZ2h0PSIxMzc4IiB2aWV3Qm94PSIwIDAgMTAwMCAxMzc4IiBmaWxsPSJub25lIiB4bWxucz0iaHR0cDovL3d3dy53My5vcmcvMjAwMC9zdmciPjwvc3ZnPg==\" data-src=\"https:\/\/cdn.das-art.com\/In-My-Office-Nosferatu_pinup.jpg\" data-srcset=\"https:\/\/cdn.das-art.com\/In-My-Office-Nosferatu_pinup.jpg 1000w, https:\/\/cdn.das-art.com\/In-My-Office-Nosferatu_pinup-218x300.jpg 218w, https:\/\/cdn.das-art.com\/In-My-Office-Nosferatu_pinup-743x1024.jpg 743w, https:\/\/cdn.das-art.com\/In-My-Office-Nosferatu_pinup-500x689.jpg 500w, https:\/\/cdn.das-art.com\/In-My-Office-Nosferatu_pinup-800x1102.jpg 800w\" data-sizes=\"auto\"><\/figure>\n<\/div>\n\n\n\n<div class=\"wp-block-column is-layout-flow wp-block-column-is-layout-flow\" style=\"flex-basis:50%\">\n<h3 class=\"wp-block-heading\">Illustrateur &#8211; Auteur de BD &#8211; \u00c9diteur ind\u00e9pendant<\/h3>\n\n\n\n<p><em>Crayons, pinceaux et bulles en mains,<br>je cr\u00e9erais des histoires pas possibles !<\/em><\/p>\n\n\n\n<p>Avec un bac STI Arts Appliqu\u00e9s obtenu \u00e0 l&rsquo;\u00c9cole Estienne (ESAIG) de Paris puis un DEUG de Cin\u00e9ma et un BTS de Communication Visuelle, j&rsquo;ai travaill\u00e9 en tant que graphiste puis chef de projet et finalement responsable de p\u00f4le agence (tant\u00f4t freelance, tant\u00f4t en agences de communication).<\/p>\n\n\n\n<p>En parall\u00e8le, je suis illustrateur et auteur de BD depuis plus de 20 ans, et ai travaill\u00e9 sur divers projets ind\u00e9pendants tels que de la BD de science-fiction et de super-h\u00e9ros, des livres jeunesse et des romans graphiques mais aussi de l&rsquo;illustration institutionnelle, pour des magazines et du concept art d&rsquo;\u00e9missions t\u00e9l\u00e9vis\u00e9es.<br><strong>Je suis s\u00fbr que je peux t\u2019aider sur ton prochain projet : n&rsquo;h\u00e9site pas \u00e0 <a href=\"https:\/\/das-art.com\/fr\/contact\/\" data-type=\"page\" data-id=\"136\">me contacter<\/a> !<\/strong><\/p>\n\n\n\n<p>En 2018, j&rsquo;ai cr\u00e9\u00e9 <a href=\"http:\/\/nicekraken.com\/\" target=\"_blank\" rel=\"noreferrer noopener\">Nice Kraken<\/a>, mon label ind\u00e9pendant avec lequel j&rsquo;\u00e9dite mes propres histoires, ayant ainsi permis de publier de nombreux titres ind\u00e9pendants.<\/p>\n\n\n\n<p>Regarde la rubrique <a href=\"https:\/\/das-art.com\/fr\/#my-books\">Mes Livres<\/a> pour en apprendre plus sur mes derni\u00e8res publications !<\/p>\n<\/div>\n<\/div>\n\n\n\n<h3 class=\"wp-block-heading\">Ma bibliographie (disponible)<\/h3>\n\n\n\n<p><strong>Nice Kraken<\/strong><\/p>\n\n\n\n<ul class=\"wp-block-list\">\n<li><em>Un Crocodile aux Dents Poilues<\/em> (livre jeunesse, sc\u00e9nario de Bao)<\/li>\n\n\n\n<li><em>From Ink to Bear 2018<\/em> (art book)<\/li>\n\n\n\n<li><em>The Ring Bearer &#8211; part one &amp; two<\/em> (bandes dessin\u00e9es de fantasy)<\/li>\n\n\n\n<li><em>The Undiscovered Bestiary<\/em> (roman illustr\u00e9 \u00e9cologique d&rsquo;anticipation)<\/li>\n\n\n\n<li><em>Red<\/em> (bande dessin\u00e9e conte)<\/li>\n\n\n\n<li><em>STS-135<\/em> (bande dessin\u00e9e cyberpunk all\u00e9gorique)<\/li>\n\n\n\n<li><em>Enemy Engaged<\/em> #1-5 (comics de science-fiction parodique, sc\u00e9nario de Ratatarse)<\/li>\n\n\n\n<li><em>Ukko<\/em> (mini zine po\u00e9tique)<\/li>\n\n\n\n<li><em>Igatiu<\/em> (manga <s>censur\u00e9<\/s> d&rsquo;un futur imminent)<\/li>\n\n\n\n<li><em>Histoires de Voyages dans l&rsquo;Esprit<\/em> (anthologie fantastique, science-fantasy)<\/li>\n<\/ul>\n\n\n\n<p><strong>Anarkiss<\/strong><\/p>\n\n\n\n<ul class=\"wp-block-list\">\n<li><em>Anarkiss &#8211; issue 06<\/em> (punk-inspired zine, collectif)<\/li>\n<\/ul>\n\n\n\n<p><strong>Atelier Arti&rsquo;Chaud<\/strong><\/p>\n\n\n\n<ul class=\"wp-block-list\">\n<li><em>Anar&rsquo;tichaud n\u00a8\u00b01 &#8211; Touffu tout flamme<\/em> (fanzine engag\u00e9, collectif)<\/li>\n<\/ul>\n\n\n\n<div style=\"height:100px\" aria-hidden=\"true\" class=\"wp-block-spacer\"><\/div>\n<\/div>\n","protected":false},"excerpt":{"rendered":"<p>Quelques mots \u00e0 propos de moi, par moi-m\u00eame\u2026 Illustrateur &#8211; Auteur de BD &#8211; \u00c9diteur ind\u00e9pendant Crayons, pinceaux et bulles en mains,je cr\u00e9erais des histoires pas possibles ! Avec un bac STI Arts Appliqu\u00e9s obtenu \u00e0 l&rsquo;\u00c9cole Estienne (ESAIG) de Paris puis un DEUG de Cin\u00e9ma et un BTS de Communication Visuelle, j&rsquo;ai travaill\u00e9 en &hellip; <\/p>\n<p class=\"link-more\"><a href=\"https:\/\/das-art.com\/fr\/about-me\/\" class=\"more-link\">Lire la suite de<span class=\"screen-reader-text\">\u00ab\u00a0\u00c0 propos\u00a0\u00bb<\/span><\/a><\/p>\n","protected":false},"author":1,"featured_media":0,"parent":0,"menu_order":0,"comment_status":"closed","ping_status":"closed","template":"page-templates\/full-width-no-title.php","meta":{"advanced_seo_description":"","jetpack_seo_html_title":"","jetpack_seo_noindex":false,"_wp_convertkit_post_meta":{"form":"-1","landing_page":"0","tag":"0","restrict_content":"0"},"_vp_format_video_url":"","_vp_image_focal_point":[],"inspiro_hide_title":false,"footnotes":""},"class_list":["post-22","page","type-page","status-publish","hentry"],"translation":{"provider":"WPGlobus","version":"3.0.2","language":"fr","enabled_languages":["gb","fr"],"languages":{"gb":{"title":true,"content":true,"excerpt":false},"fr":{"title":true,"content":true,"excerpt":false}}},"jetpack_sharing_enabled":true,"_links":{"self":[{"href":"https:\/\/das-art.com\/fr\/wp-json\/wp\/v2\/pages\/22","targetHints":{"allow":["GET"]}}],"collection":[{"href":"https:\/\/das-art.com\/fr\/wp-json\/wp\/v2\/pages"}],"about":[{"href":"https:\/\/das-art.com\/fr\/wp-json\/wp\/v2\/types\/page"}],"author":[{"embeddable":true,"href":"https:\/\/das-art.com\/fr\/wp-json\/wp\/v2\/users\/1"}],"replies":[{"embeddable":true,"href":"https:\/\/das-art.com\/fr\/wp-json\/wp\/v2\/comments?post=22"}],"version-history":[{"count":134,"href":"https:\/\/das-art.com\/fr\/wp-json\/wp\/v2\/pages\/22\/revisions"}],"predecessor-version":[{"id":3547,"href":"https:\/\/das-art.com\/fr\/wp-json\/wp\/v2\/pages\/22\/revisions\/3547"}],"wp:attachment":[{"href":"https:\/\/das-art.com\/fr\/wp-json\/wp\/v2\/media?parent=22"}],"curies":[{"name":"wp","href":"https:\/\/api.w.org\/{rel}","templated":true}]}}

À propos

<div class="wp-block-group has-global-padding is-layout-constrained wp-container-core-group-is-layout-9a4c8acf wp-block-group-is-layout-constrained" style="padding-top:var(--wp--preset--spacing--small);padding-right:var(--wp--preset--spacing--small);padding-bottom:var(--wp--preset--spacing--small);padding-left:var(--wp--preset--spacing--small)">
<div style="height:100px" aria-hidden="true" class="wp-block-spacer"></div>



<h2 class="wp-block-heading has-text-align-center" style="text-transform:uppercase">Quelques mots à propos de moi, par moi-même…</h2>



<div style="height:var(--wp--preset--spacing--small)" aria-hidden="true" class="wp-block-spacer"></div>



<div class="wp-block-columns is-layout-flex wp-container-core-columns-is-layout-c375d253 wp-block-columns-is-layout-flex">
<div class="wp-block-column is-layout-flow wp-block-column-is-layout-flow" style="flex-basis:50%">
<figure class="wp-block-image size-full"><noscript><img loading="lazy" decoding="async" width="1000" height="1378" data-skip-lazy src="https://cdn.das-art.com/In-My-Office-Nosferatu_pinup.jpg" alt="In My Office: Nosferatu" class="wp-image-2906" srcset="https://cdn.das-art.com/In-My-Office-Nosferatu_pinup.jpg 1000w, https://cdn.das-art.com/In-My-Office-Nosferatu_pinup-218x300.jpg 218w, https://cdn.das-art.com/In-My-Office-Nosferatu_pinup-743x1024.jpg 743w, https://cdn.das-art.com/In-My-Office-Nosferatu_pinup-500x689.jpg 500w, https://cdn.das-art.com/In-My-Office-Nosferatu_pinup-800x1102.jpg 800w" sizes="auto, (max-width: 1000px) 100vw, 1000px" /></noscript><img loading="eager" decoding="async" width="1000" height="1378" src="https://cdn.das-art.com/In-My-Office-Nosferatu_pinup.jpg" alt="In My Office: Nosferatu" class="wp-image-2906 vp-lazyload" srcset="data:image/svg+xml;base64,PHN2ZyB3aWR0aD0iMTAwMCIgaGVpZ2h0PSIxMzc4IiB2aWV3Qm94PSIwIDAgMTAwMCAxMzc4IiBmaWxsPSJub25lIiB4bWxucz0iaHR0cDovL3d3dy53My5vcmcvMjAwMC9zdmciPjwvc3ZnPg==" data-src="https://cdn.das-art.com/In-My-Office-Nosferatu_pinup.jpg" data-srcset="https://cdn.das-art.com/In-My-Office-Nosferatu_pinup.jpg 1000w, https://cdn.das-art.com/In-My-Office-Nosferatu_pinup-218x300.jpg 218w, https://cdn.das-art.com/In-My-Office-Nosferatu_pinup-743x1024.jpg 743w, https://cdn.das-art.com/In-My-Office-Nosferatu_pinup-500x689.jpg 500w, https://cdn.das-art.com/In-My-Office-Nosferatu_pinup-800x1102.jpg 800w" data-sizes="auto"></figure>
</div>



<div class="wp-block-column is-layout-flow wp-block-column-is-layout-flow" style="flex-basis:50%">
<h3 class="wp-block-heading">Illustrateur &#8211; Auteur de BD &#8211; Éditeur indépendant</h3>



<p><em>Crayons, pinceaux et bulles en mains,<br>je créerais des histoires pas possibles !</em></p>



<p>Avec un bac STI Arts Appliqués obtenu à l&rsquo;École Estienne (ESAIG) de Paris puis un DEUG de Cinéma et un BTS de Communication Visuelle, j&rsquo;ai travaillé en tant que graphiste puis chef de projet et finalement responsable de pôle agence (tantôt freelance, tantôt en agences de communication).</p>



<p>En parallèle, je suis illustrateur et auteur de BD depuis plus de 20 ans, et ai travaillé sur divers projets indépendants tels que de la BD de science-fiction et de super-héros, des livres jeunesse et des romans graphiques mais aussi de l&rsquo;illustration institutionnelle, pour des magazines et du concept art d&rsquo;émissions télévisées.<br><strong>Je suis sûr que je peux t’aider sur ton prochain projet : n&rsquo;hésite pas à <a href="https://das-art.com/fr/contact/" data-type="page" data-id="136">me contacter</a> !</strong></p>



<p>En 2018, j&rsquo;ai créé <a href="http://nicekraken.com/" target="_blank" rel="noreferrer noopener">Nice Kraken</a>, mon label indépendant avec lequel j&rsquo;édite mes propres histoires, ayant ainsi permis de publier de nombreux titres indépendants.</p>



<p>Regarde la rubrique <a href="https://das-art.com/fr/#my-books">Mes Livres</a> pour en apprendre plus sur mes dernières publications !</p>
</div>
</div>



<h3 class="wp-block-heading">Ma bibliographie (disponible)</h3>



<p><strong>Nice Kraken</strong></p>



<ul class="wp-block-list">
<li><em>Un Crocodile aux Dents Poilues</em> (livre jeunesse, scénario de Bao)</li>



<li><em>From Ink to Bear 2018</em> (art book)</li>



<li><em>The Ring Bearer &#8211; part one &amp; two</em> (bandes dessinées de fantasy)</li>



<li><em>The Undiscovered Bestiary</em> (roman illustré écologique d&rsquo;anticipation)</li>



<li><em>Red</em> (bande dessinée conte)</li>



<li><em>STS-135</em> (bande dessinée cyberpunk allégorique)</li>



<li><em>Enemy Engaged</em> #1-5 (comics de science-fiction parodique, scénario de Ratatarse)</li>



<li><em>Ukko</em> (mini zine poétique)</li>



<li><em>Igatiu</em> (manga <s>censuré</s> d&rsquo;un futur imminent)</li>



<li><em>Histoires de Voyages dans l&rsquo;Esprit</em> (anthologie fantastique, science-fantasy)</li>
</ul>



<p><strong>Anarkiss</strong></p>



<ul class="wp-block-list">
<li><em>Anarkiss &#8211; issue 06</em> (punk-inspired zine, collectif)</li>
</ul>



<p><strong>Atelier Arti&rsquo;Chaud</strong></p>



<ul class="wp-block-list">
<li><em>Anar&rsquo;tichaud n¨°1 &#8211; Touffu tout flamme</em> (fanzine engagé, collectif)</li>
</ul>



<div style="height:100px" aria-hidden="true" class="wp-block-spacer"></div>
</div>

<p>Quelques mots à propos de moi, par moi-même… Illustrateur &#8211; Auteur de BD &#8211; Éditeur indépendant Crayons, pinceaux et bulles en mains,je créerais des histoires pas possibles ! Avec un bac STI Arts Appliqués obtenu à l&rsquo;École Estienne (ESAIG) de Paris puis un DEUG de Cinéma et un BTS de Communication Visuelle, j&rsquo;ai travaillé en &hellip; </p>
<p class="link-more"><a href="https://das-art.com/fr/about-me/" class="more-link">Lire la suite de<span class="screen-reader-text">« À propos »</span></a></p>
