{"id":1671,"date":"2023-09-01T00:00:33","date_gmt":"2023-08-31T22:00:33","guid":{"rendered":"https:\/\/das-art.com\/?post_type=product&#038;p=1671"},"modified":"2025-01-08T17:19:29","modified_gmt":"2025-01-08T16:19:29","slug":"ukko","status":"publish","type":"product","link":"https:\/\/das-art.com\/fr\/shop\/books\/ukko\/","title":{"rendered":"Ukko (mini zine)"},"content":{"rendered":"","protected":false},"excerpt":{"rendered":"<div class=\"entry-content\">\n<div class=\"entry-content\">\n<div class=\"wp-container-9 wp-block-column is-vertically-aligned-top\">\n<div class=\"entry-content\">\n<div class=\"wp-container-21 wp-block-column is-vertically-aligned-top\">\n<div class=\"wp-container-9 wp-block-column is-vertically-aligned-top\">\n<div class=\"entry-content\">\n<div class=\"wp-container-21 wp-block-column is-vertically-aligned-top\">\n<div class=\"wp-container-9 wp-block-column is-vertically-aligned-top\">\n<h2>Ukko<\/h2>\n<p><em>\u00c9<\/em><em>crit et illustr\u00e9 par Das<\/em><br \/>\n<em>\u00c9dit\u00e9 par Das avec Nice Kraken<\/em><\/p>\n<p>Un court po\u00e8me illustr\u00e9 sur le th\u00e8me des luttes cycliques et perp\u00e9tuelles (telles les saisons) contre l&rsquo;obscurantisme, librement inspir\u00e9 par la mythologie finnoise et pr\u00e9sent\u00e9 sous la forme d&rsquo;un Mini Zine.<\/p>\n<p>Qu&rsquo;est-ce qu&rsquo;un <strong>Mini Zine<\/strong> ?<br \/>\nIl s&rsquo;agit d&rsquo;une feuille A4 (29,7x21cm) astucieusement pli\u00e9e en quatre pour former un petit livret de 8 pages maintenu sans agrafe ni autre m\u00e9thode de reliure.<br \/>\nUn moyen fun et simple de soutenir un auteur-\u00e9diteur ind\u00e9pendant.<\/p>\n<p><em>8 pages, couleur, en fran\u00e7ais, mini zine, 7.4&#215;10.5cm, septembre 2023, ISBN: 978-2958902810<br \/>\n<\/em><\/p>\n<\/div>\n<\/div>\n<\/div>\n<\/div>\n<\/div>\n<\/div>\n<\/div>\n<\/div>\n<\/div>\n","protected":false},"featured_media":1761,"comment_status":"open","ping_status":"closed","template":"","meta":{"advanced_seo_description":"","jetpack_seo_html_title":"","jetpack_seo_noindex":false,"_wp_convertkit_post_meta":{"form":"-1","landing_page":"","tag":"0","restrict_content":"0"},"_vp_format_video_url":"","_vp_image_focal_point":[]},"product_brand":[],"product_cat":[22],"product_tag":[],"class_list":{"0":"post-1671","1":"product","2":"type-product","3":"status-publish","4":"has-post-thumbnail","6":"product_cat-books","7":"product_shipping_class-lettre-verte-sans-suivi","9":"first","10":"instock","11":"shipping-taxable","12":"purchasable","13":"product-type-simple"},"translation":{"provider":"WPGlobus","version":"3.0.2","language":"fr","enabled_languages":["gb","fr"],"languages":{"gb":{"title":true,"content":false,"excerpt":true},"fr":{"title":false,"content":false,"excerpt":false}}},"jetpack_sharing_enabled":true,"_links":{"self":[{"href":"https:\/\/das-art.com\/fr\/wp-json\/wp\/v2\/product\/1671","targetHints":{"allow":["GET"]}}],"collection":[{"href":"https:\/\/das-art.com\/fr\/wp-json\/wp\/v2\/product"}],"about":[{"href":"https:\/\/das-art.com\/fr\/wp-json\/wp\/v2\/types\/product"}],"replies":[{"embeddable":true,"href":"https:\/\/das-art.com\/fr\/wp-json\/wp\/v2\/comments?post=1671"}],"wp:featuredmedia":[{"embeddable":true,"href":"https:\/\/das-art.com\/fr\/wp-json\/wp\/v2\/media\/1761"}],"wp:attachment":[{"href":"https:\/\/das-art.com\/fr\/wp-json\/wp\/v2\/media?parent=1671"}],"wp:term":[{"taxonomy":"product_brand","embeddable":true,"href":"https:\/\/das-art.com\/fr\/wp-json\/wp\/v2\/product_brand?post=1671"},{"taxonomy":"product_cat","embeddable":true,"href":"https:\/\/das-art.com\/fr\/wp-json\/wp\/v2\/product_cat?post=1671"},{"taxonomy":"product_tag","embeddable":true,"href":"https:\/\/das-art.com\/fr\/wp-json\/wp\/v2\/product_tag?post=1671"}],"curies":[{"name":"wp","href":"https:\/\/api.w.org\/{rel}","templated":true}]}}

<div class="entry-content">
<div class="entry-content">
<div class="wp-container-9 wp-block-column is-vertically-aligned-top">
<div class="entry-content">
<div class="wp-container-21 wp-block-column is-vertically-aligned-top">
<div class="wp-container-9 wp-block-column is-vertically-aligned-top">
<div class="entry-content">
<div class="wp-container-21 wp-block-column is-vertically-aligned-top">
<div class="wp-container-9 wp-block-column is-vertically-aligned-top">
<h2>Ukko</h2>
<p><em>É</em><em>crit et illustré par Das</em><br />
<em>Édité par Das avec Nice Kraken</em></p>
<p>Un court poème illustré sur le thème des luttes cycliques et perpétuelles (telles les saisons) contre l&rsquo;obscurantisme, librement inspiré par la mythologie finnoise et présenté sous la forme d&rsquo;un Mini Zine.</p>
<p>Qu&rsquo;est-ce qu&rsquo;un <strong>Mini Zine</strong> ?<br />
Il s&rsquo;agit d&rsquo;une feuille A4 (29,7x21cm) astucieusement pliée en quatre pour former un petit livret de 8 pages maintenu sans agrafe ni autre méthode de reliure.<br />
Un moyen fun et simple de soutenir un auteur-éditeur indépendant.</p>
<p><em>8 pages, couleur, en français, mini zine, 7.4&#215;10.5cm, septembre 2023, ISBN: 978-2958902810<br />
</em></p>
</div>
</div>
</div>
</div>
</div>
</div>
</div>
</div>
</div>
