{"id":1775,"date":"2023-09-01T00:00:06","date_gmt":"2023-08-31T22:00:06","guid":{"rendered":"https:\/\/das-art.com\/?post_type=product&#038;p=1775"},"modified":"2025-10-14T20:54:37","modified_gmt":"2025-10-14T18:54:37","slug":"igatiu","status":"publish","type":"product","link":"https:\/\/das-art.com\/fr\/shop\/books\/igatiu\/","title":{"rendered":"\u30a4\u30ac\u30c6\u30a3\u30a6 Igatiu (manga)"},"content":{"rendered":"","protected":false},"excerpt":{"rendered":"<div class=\"entry-content\">\n<div class=\"entry-content\">\n<div class=\"wp-container-9 wp-block-column is-vertically-aligned-top\">\n<div class=\"entry-content\">\n<div class=\"wp-container-21 wp-block-column is-vertically-aligned-top\">\n<div class=\"wp-container-9 wp-block-column is-vertically-aligned-top\">\n<div class=\"entry-content\">\n<div class=\"wp-container-21 wp-block-column is-vertically-aligned-top\">\n<div class=\"wp-container-9 wp-block-column is-vertically-aligned-top\">\n<h2>\u30a4\u30ac\u30c6\u30a3\u30a6 &#8211; Igatiu<\/h2>\n<div style=\"background-color: #ffff00; padding-left: 10px;\"><strong>Pour chaque vente, 1\/3 du prix (1\u20ac) sera revers\u00e9 \u00e0<br \/>\nAmnesty International France.<\/strong><\/div>\n<p>&#8212;<\/p>\n<p><em>\u00c9crit et illustr\u00e9 par Das<\/em><br \/>\n<em>Publi\u00e9 par Das avec Nice Kraken<\/em><\/p>\n<p><strong>L\u2019histoire la plus censur\u00e9e de l\u2019Histoire !<\/strong><\/p>\n<p>Seule dans un monde ultra-violent o\u00f9 la pens\u00e9e contradictoire n\u2588\u2588\u2588\u2588\u2588\u2588\u2588 \u2588\u2588\u2588 \u2588\u2588\u2588\u2588 \u2588\u2588\u2588\u2588\u2588\u2588\u2588\u2588\u2588 \u2588\u2588 \u2588\u2588\u2588\u2588\u2588 \u2588\u2588\u2588\u2588\u2588 \u2588\u2588 \u2588\u2588\u2588\u2588\u2588 \u2588\u2588\u2588 \u2588\u2588\u2588\u2588\u2588\u2588\u2588 \u2588\u2588\u2588 \u2588 \u2588\u2588\u2588\u2588\u2588\u2588 \u2588\u2588\u2588\u2588 \u2588\u2588\u2588 \u2588\u2588\u2588\u2588 \u2588\u2588\u2588\u2588 \u2588 \u2588\u2588\u2588\u2588\u2588\u2588\u2588 \u2588\u2588\u2588\u2588\u2588\u2588 \u2588\u2588\u2588\u2588 \u2588\u2588\u2588\u2588 \u2588\u2588\u2588\u2588\u2588 \u2588\u2588 \u2588\u2588\u2588\u2588\u2588\u2588\u2588 \u2588\u2588\u2588 \u2588\u2588\u2588\u2588\u2588\u2588 \u2588\u2588\u2588\u2588\u2588 \u2588\u2588\u2588\u2588\u2588\u2588 \u2588\u2588\u2026<\/p>\n<p>Das vous embarque dans une exp\u00e9rience sans pr\u00e9c\u00e9dent qui plonge le lecteur dans une abysse hadal et insondable repoussant encore les limites de son imagination au-del\u00e0 de\u2026<br \/>\nBah, tr\u00e8s tr\u00e8s (trop) loin ! Vraiment !<\/p>\n<p><em>20 pages, noir et blanc, fran\u00e7ais, couverture souple dos agraf\u00e9, 12.7\u00d719.1cm, septembre 2023, ISBN: 978-2958902827<\/em><\/p>\n<\/div>\n<\/div>\n<\/div>\n<\/div>\n<\/div>\n<\/div>\n<\/div>\n<\/div>\n<\/div>\n","protected":false},"featured_media":2413,"comment_status":"open","ping_status":"closed","template":"","meta":{"advanced_seo_description":"","jetpack_seo_html_title":"","jetpack_seo_noindex":false,"_wp_convertkit_post_meta":{"form":"-1","landing_page":"","tag":"0","restrict_content":"0"},"_vp_format_video_url":"","_vp_image_focal_point":[]},"product_brand":[],"product_cat":[22],"product_tag":[],"class_list":{"0":"post-1775","1":"product","2":"type-product","3":"status-publish","4":"has-post-thumbnail","6":"product_cat-books","8":"first","9":"instock","10":"shipping-taxable","11":"purchasable","12":"product-type-simple"},"translation":{"provider":"WPGlobus","version":"3.0.2","language":"fr","enabled_languages":["gb","fr"],"languages":{"gb":{"title":true,"content":false,"excerpt":true},"fr":{"title":false,"content":false,"excerpt":false}}},"jetpack_sharing_enabled":true,"_links":{"self":[{"href":"https:\/\/das-art.com\/fr\/wp-json\/wp\/v2\/product\/1775","targetHints":{"allow":["GET"]}}],"collection":[{"href":"https:\/\/das-art.com\/fr\/wp-json\/wp\/v2\/product"}],"about":[{"href":"https:\/\/das-art.com\/fr\/wp-json\/wp\/v2\/types\/product"}],"replies":[{"embeddable":true,"href":"https:\/\/das-art.com\/fr\/wp-json\/wp\/v2\/comments?post=1775"}],"wp:featuredmedia":[{"embeddable":true,"href":"https:\/\/das-art.com\/fr\/wp-json\/wp\/v2\/media\/2413"}],"wp:attachment":[{"href":"https:\/\/das-art.com\/fr\/wp-json\/wp\/v2\/media?parent=1775"}],"wp:term":[{"taxonomy":"product_brand","embeddable":true,"href":"https:\/\/das-art.com\/fr\/wp-json\/wp\/v2\/product_brand?post=1775"},{"taxonomy":"product_cat","embeddable":true,"href":"https:\/\/das-art.com\/fr\/wp-json\/wp\/v2\/product_cat?post=1775"},{"taxonomy":"product_tag","embeddable":true,"href":"https:\/\/das-art.com\/fr\/wp-json\/wp\/v2\/product_tag?post=1775"}],"curies":[{"name":"wp","href":"https:\/\/api.w.org\/{rel}","templated":true}]}}

イガティウ Igatiu (manga)

<div class="entry-content">
<div class="entry-content">
<div class="wp-container-9 wp-block-column is-vertically-aligned-top">
<div class="entry-content">
<div class="wp-container-21 wp-block-column is-vertically-aligned-top">
<div class="wp-container-9 wp-block-column is-vertically-aligned-top">
<div class="entry-content">
<div class="wp-container-21 wp-block-column is-vertically-aligned-top">
<div class="wp-container-9 wp-block-column is-vertically-aligned-top">
<h2>イガティウ &#8211; Igatiu</h2>
<div style="background-color: #ffff00; padding-left: 10px;"><strong>Pour chaque vente, 1/3 du prix (1€) sera reversé à<br />
Amnesty International France.</strong></div>
<p>&#8212;</p>
<p><em>Écrit et illustré par Das</em><br />
<em>Publié par Das avec Nice Kraken</em></p>
<p><strong>L’histoire la plus censurée de l’Histoire !</strong></p>
<p>Seule dans un monde ultra-violent où la pensée contradictoire n███████ ███ ████ █████████ ██ █████ █████ ██ █████ ███ ███████ ███ █ ██████ ████ ███ ████ ████ █ ███████ ██████ ████ ████ █████ ██ ███████ ███ ██████ █████ ██████ ██…</p>
<p>Das vous embarque dans une expérience sans précédent qui plonge le lecteur dans une abysse hadal et insondable repoussant encore les limites de son imagination au-delà de…<br />
Bah, très très (trop) loin ! Vraiment !</p>
<p><em>20 pages, noir et blanc, français, couverture souple dos agrafé, 12.7×19.1cm, septembre 2023, ISBN: 978-2958902827</em></p>
</div>
</div>
</div>
</div>
</div>
</div>
</div>
</div>
</div>
